he prime factors of 1111.
11, 101
What are the prime factors of 8100?
2, 3, 5
List the prime factors of 110704.
2, 11, 17, 37
What are the prime factors of 990?
2, 3, 5, 11
What are the prime factors of 1672?
2, 11, 19
What are the prime factors of 15556?
2, 3889
What are the prime factors of 2571?
3, 857
List the prime factors of 594.
2, 3, 11
List the prime factors of 96201.
3, 7, 509
List the prime factors of 145222.
2, 7, 11, 23, 41
What are the prime factors of 5464?
2, 683
List the prime factors of 1072.
2, 67
What are the prime factors of 9327?
3, 3109
What are the prime factors of 4406?
2, 2203
What are the prime factors of 13716?
2, 3, 127
List the prime factors of 21940.
2, 5, 1097
List the prime factors of 559.
13, 43
What are the prime factors of 21493?
21493
List the prime factors of 11217.
3, 3739
What are the prime factors of 1735?
5, 347
What are the prime factors of 99878?
2, 49939
What are the prime factors of 15197?
7, 13, 167
What are the prime factors of 8301?
3, 2767
What are the prime factors of 857?
857
List the prime factors of 8399.
37, 227
List the prime factors of 548.
2, 137
What are the prime factors of 26051?
109, 239
List the prime factors of 949.
13, 73
What are the prime factors of 3662?
2, 1831
What are the prime factors of 23869?
23869
What are the prime factors of 2808?
2, 3, 13
List the prime factors of 1193.
1193
List the prime factors of 47580.
2, 3, 5, 13, 61
What are the prime factors of 105529?
105529
What are the prime factors of 3718?
2, 11, 13
List the prime factors of 5064.
2, 3, 211
What are the prime factors of 83969?
83969
List the prime factors of 121412.
2, 127, 239
What are the prime factors of 306?
2, 3, 17
What are the prime factors of 19252?
2, 4813
List the prime factors of 117788.
2, 11, 2677
What are the prime factors of 61517?
227, 271
What are the prime factors of 94780?
2, 5, 7, 677
List the prime factors of 6802.
2, 19, 179
What are the prime factors of 794?
2, 397
List the prime factors of 37907.
37907
List the prime factors of 62754.
2, 3, 10459
What are the prime factors of 4589?
13, 353
What are the prime factors of 491?
491
What are the prime factors of 3981?
3, 1327
List the prime factors of 3748.
2, 937
What are the prime factors of 22525?
5, 17, 53
What are the prime factors of 30987?
3, 11, 313
List the prime factors of 2892.
2, 3, 241
List the prime factors of 2180.
2, 5, 109
What are the prime factors of 3078?
2, 3, 19
List the prime factors of 28945.
5, 7, 827
What are the prime factors of 28270?
2, 5, 11, 257
What are the prime factors of 71649?
3, 19, 419
What are the prime factors of 15703?
41, 383
List the prime factors of 11155.
5, 23, 97
List the prime factors of 28122.
2, 3, 43, 109
What are the prime factors of 28650?
2, 3, 5, 191
What are the prime factors of 5315?
5, 1063
What are the prime factors of 19717?
19717
What are the prime factors of 76917?
3, 25639
What are the prime factors of 446?
2, 223
List the prime factors of 6744.
2, 3, 281
List the prime factors of 1086.
2, 3, 181
What are the prime factors of 21410?
2, 5, 2141
List the prime factors of 25639.
25639
What are the prime factors of 22608?
2, 3, 157
List the prime factors of 11737.
11, 97
What are the prime factors of 1367?
1367
What are the prime factors of 9485?
5, 7, 271
List the prime factors of 6123.
3, 13, 157
List the prime factors of 15926.
2, 7963
List the prime factors of 4944.
2, 3, 103
What are the prime factors of 1722?
2, 3, 7, 41
What are the prime factors of 30452?
2, 23, 331
What are the prime factors of 36821?
36821
What are the prime factors of 5209?
5209
What are the prime factors of 1140?
2, 3, 5, 19
What are the prime factors of 2984?
2, 373
What are the prime factors of 57037?
57037
What are the prime factors of 5806?
2, 2903
List the prime factors of 55657.
7, 7951
What are the prime factors of 6772?
2, 1693
List the prime factors of 7909.
11, 719
List the prime factors of 45655.
5, 23, 397
What are the prime factors of 359?
359
List the prime factors of 27878.
2, 53, 263
List the prime factors of 15860.
2, 5, 13, 61
What are the prime factors of 83229?
3, 27743
List the prime factors of 2789.
2789
What are the prime factors of 956?
2, 239
What are the prime factors of 4230?
2, 3, 5, 47
What are the prime factors of 1304?
2, 163
What are the prime factors of 57242?
2, 28621
What are the prime factors of 3631?
3631
List the prime factors of 5992.
2, 7, 107
What are the prime factors of 25350?
2, 3, 5, 13
What are the prime factors of 3817?
11, 347
List the prime factors of 833.
7, 17
What are the prime factors of 7532?
2, 7, 269
What are the prime factors of 5254?
2, 37, 71
List the prime factors of 480.
2, 3, 5
What are the prime factors of 4162?
2, 2081
What are the prime factors of 25542?
2, 3, 11, 43
What are the prime factors of 8347?
17, 491
List the prime factors of 1281.
3, 7, 61
List the prime factors of 3774.
2, 3, 17, 37
List the prime factors of 19783.
73, 271
List the prime factors of 2255.
5, 11, 41
What are the prime factors of 1118?
2, 13, 43
List the prime factors of 4084.
2, 1021
What are the prime factors of 684?
2, 3, 19
What are the prime factors of 402?
2, 3, 67
What are the prime factors of 472?
2, 59
List the prime factors of 8230.
2, 5, 823
What are the prime factors of 1004?
2, 251
What are the prime factors of 945?
3, 5, 7
List the prime factors of 87928.
2, 29, 379
List the prime factors of 623.
7, 89
List the prime factors of 1812.
2, 3, 151
What are the prime factors of 4511?
13, 347
What are the prime factors of 82364?
2, 59, 349
List the prime factors of 1113.
3, 7, 53
What are the prime factors of 8598?
2, 3, 1433
What are the prime factors of 7409?
31, 239
What are the prime factors of 3385?
5, 677
List the prime factors of 2860.
2, 5, 11, 13
List the prime factors of 47819.
47819
What are the prime factors of 30345?
3, 5, 7, 17
What are the prime factors of 56306?
2, 47, 599
List the prime factors of 1951.
1951
List the prime factors of 483.
3, 7, 23
What are the prime factors of 2863?
7, 409
What are the prime factors of 1858?
2, 929
List the prime factors of 10048.
2, 157
What are the prime factors of 110170?
2, 5, 23, 479
List the prime factors of 2469.
3, 823
List the prime factors of 119392.
2, 7, 13, 41
What are the prime factors of 1885?
5, 13, 29
List the prime factors of 17398.
2, 8699
List the prime factors of 22102.
2, 43, 257
List the prime factors of 6821.
19, 359
What are the prime factors of 18111?
3, 6037
What are the prime factors of 73394?
2, 36697
List the prime factors of 58782.
2, 3, 97, 101
List the prime factors of 873.
3, 97
What are the prime factors of 14472?
2, 3, 67
What are the prime factors of 9721?
9721
What are the prime factors of 37002?
2, 3, 7, 881
What are the prime factors of 25553?
11, 23, 101
What are the prime factors of 17098?
2, 83, 103
List the prime factors of 2589.
3, 863
List the prime factors of 1346.
2, 673
List the prime factors of 2459.
2459
What are the prime factors of 1723?
1723
List the prime factors of 761.
761
List the prime factors of 992.
2, 31
What are the prime factors of 12839?
37, 347
List the prime factors of 8862.
2, 3, 7, 211
What are the prime factors of 173423?
61, 2843
List the prime factors of 31315.
5, 6263
List the prime factors of 17304.
2, 3, 7, 103
What are the prime factors of 27204?
2, 3, 2267
List the prime factors of 624.
2, 3, 13
List the prime factors of 5416.
2, 677
What are the prime factors of 1544?
2, 193
What are the prime factors of 15037?
11, 1367
List the prime factors of 1000.
2, 5
List the prime factors of 56.
2, 7
What are the prime factors of 2573?
31, 83
List the prime factors of 129903.
3, 19, 43, 53
What are the prime factors of 553?
7, 79
What are the prime factors of 154720?
2, 5, 967
List the prime factors of 2968.
2, 7, 53
List the prime factors of 13146.
2, 3, 7, 313
What are the prime factors of 35365?
5, 11, 643
List the prime factors of 55436.
2, 13859
What are the prime factors of 73252?
2, 18313
What are the prime factors of 4991?
7, 23, 31
What are the prime factors of 4970?
2, 5, 7, 71
List the prime factors of 1204.
2, 7, 43
List the prime factors of 52906.
2, 7, 3779
List the prime factors of 9.
3
List the prime factors of 439